{"id":453,"date":"2014-03-06T16:04:20","date_gmt":"2014-03-06T15:04:20","guid":{"rendered":"http:\/\/www.vagkonsult.se\/?page_id=453"},"modified":"2014-03-06T16:04:20","modified_gmt":"2014-03-06T15:04:20","slug":"bw-spolsaker","status":"publish","type":"page","link":"https:\/\/www.vagkonsult.se\/?page_id=453","title":{"rendered":"BW Spols\u00e4ker"},"content":{"rendered":"<p><a href=\"http:\/\/www.vagkonsult.se\/wp-content\/uploads\/2014\/02\/BW_Right.gif\" rel=\"gallery_group\"><img loading=\"lazy\" decoding=\"async\" class=\"alignnone size-medium wp-image-451\" alt=\"BW_Right\" src=\"http:\/\/www.vagkonsult.se\/wp-content\/uploads\/2014\/02\/BW_Right-300x230.gif\" width=\"300\" height=\"230\" \/><\/a><\/p>\n<p>BW spols\u00e4ker v\u00e5g. Den h\u00e4r v\u00e5gen \u00e4r vattent\u00e4t, finns i kapacitet fr\u00e5n 1,5 kg med 0,2 g uppl\u00f6sning upp till 15 kg med 2 g uppl\u00f6sning.<\/p>\n<p>V\u00e5gen g\u00e5r att f\u00e5 typgodk\u00e4nd vilket g\u00f6r den l\u00e4mplig f\u00f6r torghandel.<\/p>\n<p><a href=\"http:\/\/www.vagkonsult.se\/wp-content\/uploads\/2014\/03\/BW.pdf\">Datablad<\/a><\/p>\n<p>&nbsp;<\/p>\n","protected":false},"excerpt":{"rendered":"<p>BW spols\u00e4ker v\u00e5g. Den h\u00e4r v\u00e5gen \u00e4r vattent\u00e4t, finns i kapacitet fr\u00e5n 1,5 kg med 0,2 g uppl\u00f6sning upp till 15 kg med 2 g uppl\u00f6sning. V\u00e5gen g\u00e5r att f\u00e5 typgodk\u00e4nd vilket g\u00f6r den l\u00e4mplig f\u00f6r torghandel. Datablad &nbsp;<\/p>\n","protected":false},"author":1,"featured_media":0,"parent":98,"menu_order":0,"comment_status":"closed","ping_status":"closed","template":"page-templates\/template-full-width.php","meta":{"footnotes":""},"class_list":["post-453","page","type-page","status-publish","hentry","has_thumb"],"jetpack_shortlink":"https:\/\/wp.me\/Pcfo3k-7j","_links":{"self":[{"href":"https:\/\/www.vagkonsult.se\/index.php?rest_route=\/wp\/v2\/pages\/453","targetHints":{"allow":["GET"]}}],"collection":[{"href":"https:\/\/www.vagkonsult.se\/index.php?rest_route=\/wp\/v2\/pages"}],"about":[{"href":"https:\/\/www.vagkonsult.se\/index.php?rest_route=\/wp\/v2\/types\/page"}],"author":[{"embeddable":true,"href":"https:\/\/www.vagkonsult.se\/index.php?rest_route=\/wp\/v2\/users\/1"}],"replies":[{"embeddable":true,"href":"https:\/\/www.vagkonsult.se\/index.php?rest_route=%2Fwp%2Fv2%2Fcomments&post=453"}],"version-history":[{"count":1,"href":"https:\/\/www.vagkonsult.se\/index.php?rest_route=\/wp\/v2\/pages\/453\/revisions"}],"predecessor-version":[{"id":455,"href":"https:\/\/www.vagkonsult.se\/index.php?rest_route=\/wp\/v2\/pages\/453\/revisions\/455"}],"up":[{"embeddable":true,"href":"https:\/\/www.vagkonsult.se\/index.php?rest_route=\/wp\/v2\/pages\/98"}],"wp:attachment":[{"href":"https:\/\/www.vagkonsult.se\/index.php?rest_route=%2Fwp%2Fv2%2Fmedia&parent=453"}],"curies":[{"name":"wp","href":"https:\/\/api.w.org\/{rel}","templated":true}]}}